 the prime factors of 26467.
7, 19, 199
What are the prime factors of 482268?
2, 3, 40189
List the prime factors of 6993.
3, 7, 37
What are the prime factors of 62336?
2, 487
What are the prime factors of 852745?
5, 29, 5881
What are the prime factors of 85146?
2, 3, 23, 617
What are the prime factors of 397939?
397939
What are the prime factors of 206395?
5, 7, 5897
What are the prime factors of 18623798?
2, 9311899
What are the prime factors of 10606436?
2, 17, 61, 2557
List the prime factors of 6622505.
5, 23, 57587
What are the prime factors of 288599?
41, 7039
List the prime factors of 142589.
142589
List the prime factors of 545782.
2, 67, 4073
What are the prime factors of 268113?
3, 89371
List the prime factors of 381394.
2, 13, 14669
List the prime factors of 202723.
37, 5479
List the prime factors of 2194611.
3, 211, 3467
List the prime factors of 2095792.
2, 130987
What are the prime factors of 2603084?
2, 11, 67, 883
List the prime factors of 52410.
2, 3, 5, 1747
List the prime factors of 124887.
3, 7, 19, 313
What are the prime factors of 166129?
23, 31, 233
List the prime factors of 6162267.
3, 2054089
List the prime factors of 754161.
3, 251387
What are the prime factors of 332366?
2, 166183
What are the prime factors of 4344232?
2, 543029
What are the prime factors of 3361573?
1723, 1951
List the prime factors of 170310.
2, 3, 5, 7, 811
What are the prime factors of 1247144?
2, 155893
List the prime factors of 140248.
2, 47, 373
List the prime factors of 3761143.
239, 15737
What are the prime factors of 283161?
3, 37, 2551
List the prime factors of 2558380.
2, 5, 11, 29, 401
What are the prime factors of 15521512?
2, 163, 11903
List the prime factors of 513036.
2, 3, 14251
What are the prime factors of 17033981?
17033981
What are the prime factors of 915697?
915697
What are the prime factors of 15361750?
2, 5, 43, 1429
What are the prime factors of 975916?
2, 19, 12841
List the prime factors of 10016079.
3, 463, 7211
List the prime factors of 346277.
346277
What are the prime factors of 297098?
2, 148549
What are the prime factors of 5323759?
7, 760537
List the prime factors of 1280506.
2, 149, 4297
What are the prime factors of 7027494?
2, 3, 17, 68897
List the prime factors of 215097.
3, 71699
What are the prime factors of 9803833?
13, 599, 1259
List the prime factors of 257013.
3, 19, 167
What are the prime factors of 7443893?
1091, 6823
What are the prime factors of 153959?
13, 911
List the prime factors of 1444248.
2, 3, 13, 1543
What are the prime factors of 3470434?
2, 11, 157747
List the prime factors of 1565081.
7, 23, 9721
What are the prime factors of 530667?
3, 58963
What are the prime factors of 200370?
2, 3, 5, 6679
List the prime factors of 9161549.
673, 13613
What are the prime factors of 3353729?
3353729
List the prime factors of 6859150.
2, 5, 137183
List the prime factors of 298383.
3, 79, 1259
List the prime factors of 7348020.
2, 3, 5, 29, 41, 103
List the prime factors of 4317175.
5, 172687
List the prime factors of 356713.
7, 131, 389
List the prime factors of 11528549.
79, 145931
List the prime factors of 1863560.
2, 5, 46589
List the prime factors of 2710634.
2, 43, 733
What are the prime factors of 2633497?
2633497
List the prime factors of 383648.
2, 19, 631
List the prime factors of 7930158.
2, 3, 1321693
What are the prime factors of 8626489?
1879, 4591
List the prime factors of 812.
2, 7, 29
List the prime factors of 2445754.
2, 43, 28439
What are the prime factors of 1374824?
2, 11, 17, 919
What are the prime factors of 1009511?
17, 43, 1381
List the prime factors of 1698826.
2, 23, 36931
What are the prime factors of 1866753?
3, 7, 17, 83
List the prime factors of 1225550.
2, 5, 127, 193
List the prime factors of 8500610.
2, 5, 850061
What are the prime factors of 1409771?
11, 61, 191
List the prime factors of 277130.
2, 5, 7, 37, 107
What are the prime factors of 5765708?
2, 13, 110879
What are the prime factors of 220721?
220721
List the prime factors of 3641435.
5, 7, 89, 167
What are the prime factors of 105235?
5, 13, 1619
What are the prime factors of 860161?
59, 61, 239
List the prime factors of 3147686.
2, 17, 43, 2153
What are the prime factors of 39130269?
3, 163, 80021
What are the prime factors of 2389834?
2, 1194917
What are the prime factors of 2594?
2, 1297
List the prime factors of 697129.
19, 36691
What are the prime factors of 3348901?
389, 8609
What are the prime factors of 1267775?
5, 17, 19, 157
List the prime factors of 12920650.
2, 5, 258413
List the prime factors of 3299125.
5, 26393
List the prime factors of 396174.
2, 3, 66029
What are the prime factors of 441882?
2, 3, 7, 167
List the prime factors of 167652.
2, 3, 4657
What are the prime factors of 2275112?
2, 7, 40627
What are the prime factors of 799982?
2, 53, 7547
List the prime factors of 3988144.
2, 53, 4703
List the prime factors of 118015.
5, 23603
List the prime factors of 3599194.
2, 283, 6359
What are the prime factors of 3530340?
2, 3, 5, 11, 1783
List the prime factors of 431522.
2, 7, 13, 2371
What are the prime factors of 123704?
2, 7, 47
List the prime factors of 20069910.
2, 3, 5, 7, 37, 41
What are the prime factors of 1440677?
7, 277, 743
What are the prime factors of 130872?
2, 3, 7, 19, 41
List the prime factors of 3448061.
47, 73363
List the prime factors of 1133431.
13, 87187
List the prime factors of 3449675.
5, 43, 3209
What are the prime factors of 2225848?
2, 23, 12097
List the prime factors of 20934187.
151, 138637
List the prime factors of 195387.
3, 65129
List the prime factors of 7648119.
3, 61, 13931
List the prime factors of 575995.
5, 7, 2351
What are the prime factors of 399815?
5, 13, 6151
What are the prime factors of 859649?
7, 227, 541
What are the prime factors of 105076?
2, 109, 241
What are the prime factors of 918047?
13, 70619
List the prime factors of 4663449.
3, 7, 79, 937
List the prime factors of 312845.
5, 13, 4813
List the prime factors of 30354258.
2, 3, 11, 459913
What are the prime factors of 1883062?
2, 71, 89, 149
List the prime factors of 2762735.
5, 683, 809
List the prime factors of 19788222.
2, 3, 47, 1493
List the prime factors of 673277.
11, 97, 631
List the prime factors of 1426102.
2, 19, 37529
What are the prime factors of 598547?
751, 797
List the prime factors of 435333.
3, 31, 151
What are the prime factors of 679104?
2, 3, 131
List the prime factors of 9473565.
3, 5, 127, 4973
What are the prime factors of 1519522?
2, 223, 3407
List the prime factors of 1841376.
2, 3, 19181
What are the prime factors of 3250641?
3, 457, 2371
List the prime factors of 40318.
2, 19, 1061
List the prime factors of 4518889.
17, 227, 1171
What are the prime factors of 614479?
19, 32341
What are the prime factors of 416603?
11, 313
What are the prime factors of 42947908?
2, 2791, 3847
What are the prime factors of 2794659?
3, 7, 73, 1823
List the prime factors of 54623.
54623
List the prime factors of 8884631.
7, 31, 5849
What are the prime factors of 4265019?
3, 11, 67, 643
List the prime factors of 349966.
2, 233, 751
What are the prime factors of 452713?
19, 23827
What are the prime factors of 30336467?
7, 353, 12277
List the prime factors of 10886619.
3, 139, 26107
What are the prime factors of 5921546?
2, 2960773
List the prime factors of 5450573.
53, 102841
What are the prime factors of 680271?
3, 23, 9859
What are the prime factors of 13782465?
3, 5, 163, 1879
What are the prime factors of 3174333?
3, 47, 479
List the prime factors of 708280.
2, 5, 17707
List the prime factors of 349765.
5, 13, 5381
What are the prime factors of 569742?
2, 3, 269, 353
What are the prime factors of 1496326?
2, 13, 19, 233
List the prime factors of 193861.
193861
List the prime factors of 253340.
2, 5, 53, 239
What are the prime factors of 363766?
2, 13, 17, 823
List the prime factors of 12708554.
2, 17, 29, 12889
What are the prime factors of 22543509?
3, 107, 70229
List the prime factors of 27254136.
2, 3, 7, 13, 12479
What are the prime factors of 4449636?
2, 3, 123601
What are the prime factors of 191195?
5, 38239
List the prime factors of 6511484.
2, 7, 23, 10111
List the prime factors of 4170162.
2, 3, 811, 857
What are the prime factors of 845999?
7, 11, 10987
List the prime